 (-4 + (7 - -3)))?
3
3 + 4 + -3 + -6 - -2
0
What is the value of -5 + (-9 - -6) - (-1 - 5)?
-2
Calculate 1 - (-1 + (-6 - -5) + 10).
-7
What is the value of -5 + 12 + 0 - 17?
-10
(0 + 5 - -1) + (-245 - -242)
3
What is -3 + -1 + (-3 - -10)?
3
0 - (-4 + (1 - 2) + 3)
2
Evaluate 0 - (-5 - -6) - (-1 + 3).
-3
Evaluate (-9 - -4) + (-9 - -10).
-4
Evaluate 4 + -2 + (11 - 9 - 3).
1
11 - (7 - -17) - -18
5
-9 + 6 + 4 - 1
0
What is the value of (-19 - 0) + (23 - 18) + 7?
-7
What is 10 + -20 + 7 + 0?
-3
Evaluate 1 - (11 - 2 - 2).
-6
What is the value of -13 + 9 + 8 - -2?
6
Calculate 2 + 6 + -9 - (-2 - -3).
-2
Calculate -3 - (-10 - -3) - 10.
-6
1 + 1 + -1 + -1
0
What is the value of -3 - 1 - -3 - (0 - -1)?
-2
Evaluate -13 - -3 - -6 - -3.
-1
What is (-6 + -1 - -1) + (1 - 0)?
-5
Evaluate -1 + (-6 - -2) + 0.
-5
Calculate -4 + 7 + 11 + -4.
10
5 - (1 + -1 + (-1 - -1))
5
-4 + (9 - (12 - 8))
1
What is 5 + (12 - (5 + 5))?
7
What is 0 - 1 - (0 - -1)?
-2
1 + (-5 - -16 - 21)
-9
What is -3 - 0 - ((-12 - 2) + 11)?
0
What is -1 + -5 - -12 - 3?
3
Evaluate 0 - 1 - -3 - 3.
-1
Evaluate 0 + 1 + 14 + -13 + -2.
0
Evaluate 1 - -1 - (0 - 1 - 0).
3
Calculate 1 - (6 + -15 + 5).
5
-13 + (8 - (-8 - 0))
3
What is the value of -11 - -8 - (3 - (3 - 2))?
-5
Calculate 0 + (3 - 4) + (1 - -4).
4
What is 2 + -9 + 1 + -1 + 3?
-4
Calculate -4 + (-3 - 3) + 11.
1
Calculate -46 + 41 - (3 + -7 + 1).
-2
Calculate -11 + (1 - -1) + 5.
-4
60 - 60 - (-3 + -1)
4
10 + -10 - (-1 - (2 + -2))
1
What is -63 + 47 + (-6 - -2 - -12)?
-8
(5 + -3 - -4) + -2 - 1
3
What is the value of 0 - (-3 + -4 + 9)?
-2
What is 4 + 1 + 3 + -3 + -1?
4
Evaluate 2 + 4 + (-4 - -9 - 13).
-2
What is the value of -8 - 2 - (-92 + 86)?
-4
What is -7 + (-6 - -5 - -11)?
3
Evaluate (5 - -2) + (-2 - 1) - 6.
-2
What is (-3 + 2 - (-1 + -3)) + 2?
5
8 + (2 - 7 - 12)
-9
What is 8 + -4 + -3 - (0 - 4)?
5
-2 + 2 - (7 + -8)
1
What is -14 + 14 + (-7 - -2)?
-5
What is the value of -6 - (-2 - (-6 - (-6 - -2)))?
-6
-3 + 2 - (-83 - -81)
1
What is 16 - ((-8 - -5) + 12)?
7
What is (8 - 1) + -2 - (-11 - -14)?
2
Evaluate (-8 - (-1 - 23)) + -6.
10
What is the value of -1 + 3 - (-184 - -176)?
10
What is (0 - -1) + 8 + -4 + -3?
2
Calculate -4 - 0 - (-19 + 3 - -4).
8
What is the value of 0 + (2 + -1 - 1) + -3?
-3
What is -4 - -8 - 3 - (2 - -4)?
-5
What is -7 - (-4 - (2 + -3))?
-4
Calculate 6 + -4 - (-5 - -9).
-2
What is 13 - 11 - (-4 + 2 - -7)?
-3
What is the value of 5 + -10 - (-4 + -1)?
0
What is the value of (-3 - (5 + (-8 - -6))) + 1?
-5
Evaluate 18 + -8 + 0 - 7.
3
What is the value of (-2 - -4 - 0) + -2?
0
What is the value of -11 - (-17 - -3) - 1?
2
Evaluate (9 - 0) + (120 - 136).
-7
What is the value of -3 + -3 + -1 + 2?
-5
(2 - (0 + -1)) + (144 - 143)
4
Calculate -1 - -6 - (-6 - (4 - 17)).
-2
Evaluate -12 + 15 - ((0 - -1) + 0).
2
Calculate (0 - -4) + -6 - 5 - -3.
-4
What is the value of -3 + (-7 - -1) - -8?
-1
Calculate -3 - 9 - (5 + -12).
-5
Evaluate -5 - (-12 + (-1 - -6)).
2
(-6 - 1) + -4 + 9
-2
7 - 1 - (-7 + 22)
-9
-2 - (-5 + (1 - -3 - -1))
-2
Evaluate 2 - 0 - (-2 + (1 - 1)).
4
What is the value of (4 + -3 - -2) + 1 + 3?
7
Calculate -1 - 0 - (0 - 7 - -9).
-3
Calculate (-7 - -6) + -2 + 3.
0
Evaluate 0 + 0 - (7 - 12).
5
What is the value of -10 + 4 + (-5 - (-5 - 2))?
-4
What is the value of 0 - (1 + -3) - (575 + -581)?
8
What is the value of 33 + -27 - (6 - 1 - 2)?
3
Evaluate -5 - (4 - 4) - (1 - 5).
-1
Calculate -3 + 2 - (-13 + 13) - -5.
4
Evaluate (4 - 0) + 9 + -19 + 6.
0
(-5 - -6) + -6 - (-7 + 3)
-1
Calculate 0 + -1 + 6 - (22 - 22).
5
What is (3 - 5) + -1 + -2?
-5
Calculate -6 + -1 + (-18 - (8 - 40)).
7
Calculate 0 + 0 + 5 + -10.
-5
Calculate 9 - (5 + -5 + 7).
2
Calculate 2 - (2 + (5 - 4)) - 0.
-1
What is -65 + 64 + (-1 - -7)?
5
What is the value of (0 + 6 - 2) + -7 + 0?
-3
Calculate -3 + 4 + 1 - (7 - 4).
-1
Evaluate (-5 + 4 - -4) + (2 - 3).
2
-12 + 9 + 11 - -1
9
What is 4 - (20 + -8 + (-2 - 1))?
-5
Evaluate -1 + -11 - -15 - 7.
-4
What is 7 + 4 + -9 + 0 - 0?
2
Evaluate 4 + 2 - (-1 + (14 - 1)).
-6
What is (-1 - (4 - (6 + 2))) + 3?
6
-4 + -2 + (-12 - -23) + -11
-6
What is the value of (-5 - -1) + 53 + -44?
5
Evaluate 3 + (-1 - (-1 + 3) - 3).
-3
What is 4 - (0 + 3 + 0)?
1
Calculate 3 + 1 + -3 - (7 + -12).
6
Evaluate 2 + (-1 + 10 - 6) - 5.
0
What is the value of -5 - (6 + (4 - (5 - -16)))?
6
2 - (1 + 1 + 0) - 3
-3
What is -2 - (-9 + (9 - 10))?
8
What is the value of (-42 + 49 - (8 + -1)) + -6?
-6
Calculate 10 + ((-4 - -10) + -8 - 0).
8
Calculate -8 + (2 - -9) - 10 - -14.
7
(-15 - -1) + -16 + 23
-7
Evaluate 0 + -2 - (-20 + 22).
-4
What is the value of (-238 - -235) + (0 - (1 + 0))?
-4
What is -1 + -1 - (5 + 2 + -6)?
-3
What is (2 - -7) + -9 + -5?
-5
What is the value of -5 + (1 - -5 - -2)?
3
What is 1 + (-7 - -1 - -1)?
-4
What is the value of 6 - (4 + (-4 - 1) - 3)?
10
-10 + 10 + (-1 - -2)
1
Evaluate 5 - 3 - (4 - 1).
-1
What is -2 + 6 + -2 - -3 - 8?
-3
What is the value of 2 - (-2 - 1) - 1?
4
Calculate (-15 - -8) + (5 - 4).
-6
What is the value of -6 + 0 + 7 - 3?
-2
4 + 10 + -9 + -10
-5
Evaluate -5 - 1 - (-12 + 11).
-5
Calculate -5 + (2 - 2) + 1.
-4
Evaluate -4 + -3 - (-11 - -3).
1
-6 - (5 + -13) - -7
9
What is 6 - (0 + (-2 - 3) + 5)?
6
What is the value of (2 - 0) + -2 + -2?
-2
Calculate 8 + -4 + -4 + -1.
-1
What is (37 - 34) + (0 - -1)?
4
What is 7 - (-3 - (-4 + 3))?
9
Evaluate 0 + -1 - (9 - (14 - 3)).
1
Evaluate 3 - ((0 - -1) + -3).
5
(-1 - 1) + 18 + -11
5
Evaluate -1 - 3 - (8 + -3 - 5).
-4
Calculate 2 + 2 + -1 + (-14 - -7).
-4
What is the value of (0 - -1) + 0 - (33 - 36)?
4
What is the value of -19 + (23 - 10) - (-2 - 5)?
1
What is the value of 4 + -1 + -12 + 13?
4
Calculate 0 - (1 + -3) - 7.
-5
What is the value of -4 + 1 - (0 - 8)?
5
Evaluate -6 - (-2 - (7 - (4 + -7))).
6
What is the value of 5 - (6 + (-8 - -5) + 11)?
-9
Evaluate (1 - (1 - -3)) + 5 - 7.
-5
What is the value of 0 + 1 + 14 + -18?
-3
Evaluate (2 - 6) + -1 - (-1 + -3).
-1
3 + -3 + 3 + 3 + -5
1
-1 - (0 + -1 + 9 + -5)
-4
8 + (0 - 5 - 0)
3
Evaluate 112 - 115 - (0 + 0 - 8).
5
What is the value of 5 - 7 - -2 - 0?
0
(-1 + 2 + 1 - -6) + -3
5
Calculate 4 - (-5 + 11 + -3 + -5).
6
What is 2 - 4 - (7 - (-5 + 11))?
-3
What is the value of (12 - (-6 - -12)) + -6?
0
What is the value of -1 + 2 - (8 + -1 - 5)?
-1
What is the value of (5 - -7) + -7 + -1 + -3?
1
Calculate 0 - (-6 + 15 + -5 + 1).
-5
What is the value of (-4 - -4) + (-2 - -1 - -1)?
0
What is the value of 4 + -3 + -3 + 1 + 3?
2
(-18 - 3) + 15 - (-4 + -1)
-1
Evaluate -5 + 24 + -7 - (-1 - -7).
6
What is 9 + -13 + -2 + 11 + -2?
3
Calculate 9 + -14 + 5 + -1.
-1
Evaluate (-13 - (-10 + -5)) + (-1 - 8).
-7
What is -3 + 0 + 8 - (11 - 5)?
-1
1 + 2 - 5 - (-13 - -17)
-6
What is 5 - (-1 + 6) - (-1 - -4)?
-3
What is the value of 10 + 0 - (32 - 23)?
1
What is the value of (-35 - -50) + (-11 - -1)?
5
What is the value of (-10 - -5) + 2 + 2?
-1
What is -5 + 4 + 4 + -4 + -5?
-6
What is the value of 0 + 6 - (-44 + 50)?
0
Evaluate 0 + -10 - -8 - (2 + 2).
-6
What is -11 - -8 - (1 + 0)?
-4
What is the value of -9 + 1 + (-47 - -49)?
-6
What is 7 + (-26 - -8 - -5)?
-6
Evaluate 0 + 5 - (18 + -5 + -4).
-4
-1 + (18 - -2) - (118 + -110)
11
Calculate (-16 - (-4 - 2)) + 4 + 7.
1
-4 + (16 - 4) - 4
4
What is the value of 4 + (-4 - (-2 - 1))?
3
What is (-3 - (1 + -4)) + (2 - -2)?
4
Evaluate 3 + (-3 + -5 - 0).
-5
1 - (-4 + 2 - -1)
2
What is (1 - 3 - -5) + -3?
0
Evaluate (-3 - (-3 - 4)) + -4.
0
What is the value of -14 + 12 + 0 + 0?
-2
Calculate 1 + -1 - (3 - 1 - 3).
1
Evaluate 4 + (1 - -4) + -8.
1
What is the value of -1 - ((2 - (1 + 3)) + -2)?
3
What is the value of 5 + 0 + -2 - (-9 - -15)?
-3
What is 2 + (5 - 4) + (9 - 3)?
9
Calculate 11 + (5 - (2 + 9)).
5
(0 - 4) + 11 + -11
-4
What is the value of 7 + (-1 - -3) + -63 + 51?
-3
-7 - -5 - 5 - (3 + -4)
-6
Calculate -8 + 3 + 1 - (0 - 7).
3
5 + -2 + -2 - -2 - 2
1
What is (2 - 8) + (4 + -4 - -3)?
-3
3 - (-2 - (1 - 6 - -1))
1
What is -3 - (2 + -12) - (5 - -2)?
0
Evaluate (-1 - 5) + (9 - 10) + 13.
6
Evaluate (-1 - 1 - -8) + -2 + 2.
6
Calculate 5 + 7 + -4 + 8 + -6.
10
What is the value of -5 + (3 - 0) + 1?
-1
What is 0 - (3 + (-6 + 3 - -3))?
-3
What is the value of (1 + -7 - (1 - -1)) + 4?
-4
-7 + -4 + (2 - 5 - -7)
-7
Evaluate -3 + 8 - 2 - (-1 - -5).
-1
(-1 - (2 - 7)) + -3
1
Evaluate -2 + -4 + (5 - -2) - 4.
-3
What is -8 + 1 